 2*m**2 + m - 3*m**3 + 3*m**3 - 2*m**3. Let p be (-7)/2*18/(-21). Let x(a) = -2*a + 8. Let q be x(p). Calculate w(q).
-5
Suppose 5*o + 10 - 40 = 0. Let y be o/36 + 11/6. Suppose 4*s + 3 = -w + y, 20 = -4*w. Let t(h) = 2*h**3 - h. Determine t(s).
1
Suppose 12*t - 61 - 35 = 0. Suppose -2*d - 1 = u + 6, -d = u + t. Let o(j) = j**3 + 8*j**2 - 10*j - 7. Calculate o(u).
2
Suppose -29 = 3*m + 4*g, -2*g = 4*m + 11 + 11. Let d(r) = -3*r**2 - 2 - 1 + r**2 + 1179*r - r**3 - 2349*r + 1173*r. Calculate d(m).
-3
Suppose -29 = -3*p + 5*l, -l = -4*p + 26 - 10. Let a(j) = 2*j - 3. Determine a(p).
3
Let w(n) = -n - 1. Let z(p) = -3*p - 3. Let y(b) = 2*w(b) - z(b). Suppose 2*g - 1 = 3. Suppose j = -g*f + 7, 5*j + 2*f = -f + 35. Give y(j).
8
Let k(u) be the third derivative of u**5/60 - u**4/24 - 5*u**3/6 + 17*u**2. What is k(-2)?
1
Let k(w) = w**3 - 8*w**2 + 8*w + 12. Let s(i) = -2*i**3 + 13*i**2 - 17*i - 23. Let v(o) = 11*k(o) + 6*s(o). Give v(-9).
39
Suppose -3*i - 7 = -19. Suppose 4*h + 0 = i. Let y = h - -3. Let d(z) = z**2 - 2*z - 3. Give d(y).
5
Let q(w) = -11*w**3 + 6*w**2 + 2*w + 4. Let r(k) = 19*k**3 - 11*k**2 - 4*k - 8. Let p(a) = 5*q(a) + 3*r(a). Calculate p(3).
17
Let k(w) be the third derivative of -w**4/24 - 5*w**3/6 + 7*w**2 - w. Give k(-5).
0
Let t be (-2)/(-3) - (-305)/15. Suppose a - t = -6*a. Let p(k) = 4*k + 2. Calculate p(a).
14
Let f(k) = 2 + 12*k - 26*k + 10*k + 5 - 5*k**2 + k**3. Determine f(6).
19
Let v(u) = 2*u**2 + 28*u + 9. Let b be v(-14). Let f(m) = -m**3 + 10*m**2 - 10*m - 3. Give f(b).
-12
Let f(a) be the first derivative of a**2/2 - 6*a + 2. Let p(b) = -b**3 - 26*b**2 - 27*b - 44. Let y be p(-25). Give f(y).
0
Let i(o) = -o**2 - 2*o + 9. Let n be i(-4). Let b be 4/(4 + -2) - n. Let a(t) be the second derivative of t**5/5 - t**3/6 + t**2/2 + 2*t. Calculate a(b).
4
Let n(x) = x + 4. Let f(g) = g + 5. Let i(b) = -3*f(b) + 4*n(b). Determine i(16).
17
Let f(m) = 2*m + 1. Suppose 0 - 4 = n, 0 = 3*x - 5*n - 14. Determine f(x).
-3
Let s(l) = -2*l**3 + 15*l**2 + 16*l + 12. Let g(h) = 3*h**3 - 17*h**2 - 17*h - 13. Let d(r) = 3*g(r) + 4*s(r). Calculate d(-8).
-31
Suppose -4*g - 2*d = 8, 2*g - 5*d + 155 = 187. Let y(s) be the third derivative of -11*s**5/60 + s**4/24 - 2*s**2. Calculate y(g).
-10
Let d(v) = -v**2 - 17*v - 17. Let a(m) = 2*m - 156. Let k be a(69). Calculate d(k).
-35
Let i(j) = j**2 - 11*j + 5. Let h be i(7). Let b = -21 - h. Let u(o) = o - 4*o + 2*o + 2*o + 4*o**b. What is u(-1)?
3
Let o(b) = b - 10. Let h = 51 + -55. Let z(j) = 2*j - 11. Let i(v) = h*o(v) + 3*z(v). Give i(5).
17
Let w(l) = -l**2 - 5*l - 1. Suppose a - 6*a + 25 = 0, 25 = -2*k + 3*a. What is w(k)?
-1
Let c(w) = 3 + 20*w + 1 - 15*w - 4 - 3. What is c(-6)?
-33
Suppose 15 = -3*m, -m - 2*m = -o + 34. Let q be o/(-7) + (-4)/14. Let z(l) = -280*l + l**2 + 116*l + 1 + 169*l. Determine z(q).
-5
Let b(r) = -r - 4. Let k(a) = 19 - 25 - 4*a**3 + 5*a**3 + a**2. Let i be k(0). Determine b(i).
2
Let v(n) = -n**2 + 8*n + 5. Let i be v(8). Let q(f) = 2 - 5*f - 6*f + i*f + f**2. Let l(b) = 2*b**3 - 7*b**2 + 3*b + 6. Let r be l(3). Calculate q(r).
2
Let i be -2*((-100)/8 - -2). Suppose 9 = 3*b + i. Let h(p) = p**3 + 3*p**2 + 1. Determine h(b).
-15
Let v(h) = 5 + h + 6 - 6. Let i = -95 + 90. Give v(i).
0
Let d(n) = n**3 + n**2. Suppose -15 = -5*k + 2*l - l, k + 2*l - 14 = 0. Let w be -1 - (20 + k) - 0. Let s = -25 - w. Give d(s).
0
Let v(i) = -i**2 + 4*i + 5. Suppose 3*b = -y - 13, -3*y + 5*b = -9 - 22. Suppose -4*x + 0*q = y*q + 82, 0 = 3*q + 15. Let z = x + 22. Give v(z).
5
Let x(f) = -2*f**2 + 2*f + 1. Let j(k) = -2*k**2 - 15*k + 10. Let b be j(-8). Suppose -h = 3*v - b*v + 7, -27 = 5*v + 3*h. Give x(v).
-23
Let u(z) be the first derivative of z**3 + z**2/2 + 4*z - 58. Determine u(-3).
28
Let t(z) = -z**3 + 8*z**2 - 3. Let k = 833 + -825. Calculate t(k).
-3
Let t(j) be the third derivative of 1/2*j**4 + 0*j + 4/3*j**3 + 4*j**2 + 0. Let f(v) = v + 1. Let u(y) = 22*f(y) - 2*t(y). Calculate u(4).
-2
Let v be (-4)/(2 + 0) + 0. Let t(p) = 28*p**2 - 9*p - 2. Let n(k) = -15*k**2 + 5*k + 1. Let o(q) = 11*n(q) + 6*t(q). Determine o(v).
9
Suppose -3*w - g - 5 = 7, 0 = 5*w - 4*g + 3. Let f(i) = 0*i**3 - 5*i + i**3 - 2*i**2 + 4*i**2 - 2. What is f(w)?
4
Let u(s) be the third derivative of s**4/12 + 2*s**2. Suppose w + y = 4*y - 1, 3*w - 3*y - 9 = 0. Determine u(w).
10
Let o(a) = a**2 - 6*a + 7. Let k(t) = 4*t**2 + 10*t - 1. Let r be k(-3). Calculate o(r).
2
Let q be (18/(-21))/((-3)/(-21)). Let y be (-38)/q - (-30)/45. Suppose 0 = -4*f + 19 - y. Let d(b) = -b**2 + 3*b + 4. Calculate d(f).
4
Suppose 0 = 8*s - 570 + 594. Let o(k) = -4*k**2 - 10*k. Give o(s).
-6
Let o(h) be the second derivative of 3/2*h**2 + 1/20*h**5 - 1/3*h**3 - h + 0 - 1/4*h**4. Suppose 0 = -4*v - 4*c - 4, 4*v + 5 - 16 = c. Determine o(v).
-5
Let c(n) = -6*n + 44. Let w be c(7). Let x(j) = 2774 - j - 2774 - w*j**3 - 3*j**2. Calculate x(-2).
6
Let g = -825 - -833. Let s(a) = -a**2 + 11*a - 10. Give s(g).
14
Suppose 25 = 2*z + 29, 5*h = 2*z - 1. Let n(j) = -37*j - 1. Calculate n(h).
36
Let b(y) = 3*y**3 - 10*y**2 - 7*y + 3. Let m(n) = -4*n**3 + 11*n**2 + 6*n - 3. Let x(v) = -3*b(v) - 2*m(v). Suppose 202 + 32 = 26*t. Calculate x(t).
-3
Let k(h) = h**3 + h + 2 + h**2 + h**2 - 3*h**2. Let n be 4 - 12/4 - 5. Let i be (-9)/n + -2 + (-14)/(-8). Determine k(i).
8
Let c(a) = a**3 + 4*a**2 + 2*a + 2. Let u be c(-3). Suppose -4*n - v = -8, 23 = -0*n + n - 5*v. Let h = u - n. Let w(y) = y**2 - 2*y + 2. Give w(h).
2
Suppose 0 = -p - 3*p - 48. Let b(n) = -n + 5. Determine b(p).
17
Let n(d) be the first derivative of -d**3/3 + 2*d**2 + d - 253. What is n(3)?
4
Suppose 2*d + 2*j = -2*j - 4, -3*d - j - 16 = 0. Let p(o) = -6*o + 2. What is p(d)?
38
Let p(m) = 56*m + 31. Let r(a) = 1. Let o(u) = -p(u) - 3*r(u). Let f(k) = 5*k + 3. Let x(g) = -68*f(g) - 6*o(g). Give x(3).
-12
Let z(s) be the second derivative of -s**4/12 + 3*s**2/2 + s. Suppose -4*y - 701 = -41. Let q be 4/(-22) - 155/y*-3. Give z(q).
-6
Let h(a) = a**2 + 6*a - 3. Suppose 5*q + 0 = 20. Suppose -q*x = 27 - 7. What is h(x)?
-8
Let a(g) = -g**2 - 146 - 152 + 294 + 2*g. What is a(2)?
-4
Let f(h) = h**3 + 21*h**2 + h + 24. Let b be f(-21). Let t = 2 - -1. Let z(i) = -i + b*i**t + i**3 - 2*i**3 + i**3 + i**2. Give z(1).
3
Let q(m) = -m**3 + 2*m**2 - m + 3. Let v be 21 + (-12)/(-1 + -3). Suppose -j - v = -5*j. Suppose -k + 3*k = j. Give q(k).
-9
Let c(f) = -69*f + 32*f + 43*f. What is c(-1)?
-6
Let t = 1142 - 1134. Let u(p) = -p**3 + 7*p**2 + 10*p + 3. What is u(t)?
19
Let g(k) = -k**2 + 7*k - 8. Let f(i) = -i**3 - 13*i**2 - 14*i - 17. Let s be f(-12). Determine g(s).
-8
Suppose -3*q = 2*s - 6, 3*q + 1 = 3*s + 22. Let i(u) = -9 - q - 16*u**3 - u**2 + 14. What is i(-1)?
16
Let n(c) be the first derivative of -2*c**3/3 + c**2/2 - c + 8. Let j(m) = -m**2 + m - 1. Let p(t) = -3*j(t) + 2*n(t). Give p(2).
-5
Let r(y) = -11*y**2 + 21*y + 16. Let z(v) = -5*v**2 + 10*v + 8. Let j(c) = 4*r(c) - 9*z(c). Determine j(7).
-1
Let u(s) = -s**3 + 5*s**2 - s - 2. Let y = 209 - 204. Calculate u(y).
-7
Let v(w) = -w + 1. Let s(m) = -m**2 - 2*m + 5. Suppose 4*u - 5*r = -36, -4*u - 8 = -4*r + 24. Let a(q) = u*v(q) + s(q). What is a(4)?
-7
Suppose 0 = -x - 4*i + 10, -3*x + 5*i = -30. Let w(u) = 2 + 5*u - 1 - x*u + 6*u. What is w(-5)?
-4
Let g be (36/(-63))/(-1) - 9/(-21). Let n(j) = 10*j + 4. Give n(g).
14
Suppose -2 = 5*l - 3*c + 43, l - 9 = -3*c. Let o be 12*((-3)/(-18) + (-2)/l). Let s(h) = -h**3 + 7*h**2 - 7*h - 4. Determine s(o).
-10
Let b(h) = h**3 - 4*h**2 - 10*h. Suppose 53*s = -9 - 97. Determine b(s).
-4
Let w(j) be the second derivative of j**4/12 + 8*j**3/3 - 7*j**2 - 228*j. What is w(-17)?
3
Let o(u) = -59*u**2 + 48*u - 11. Let m(n) = -46*n**2 + 36*n - 9. Let p(l) = 9*m(l) - 7*o(l). Let j = 0 + -12. Determine p(j).
-4
Let t(k) = -k**3 - 2*k**2 + 20*k - 24. Let r be t(-6). Let z(g) = -g**3 - g + 2. Calculate z(r).
2
Let o be 3/4*(-6 + (-20)/(-2)). Let x(y) be the first derivative of 0*y - 1/2*y**4 + 0*y**2 + 2 + 1/3*y**o. What is x(1)?
-1
Let r(q) = 1 - q**2 + 1 - 4*q**3 + 3*q**3 + 5*q. Suppose -13 = 4*o + t, 0 = -5*o - 3*t - 2*t - 20. Calculate r(o).
5
Let t(b) = -21*b + 7. Let a(k) = -10*k + 3. Let v(x) = -7*a(x) + 3*t(x). Let s = 67 - 64. Give v(s).
21
Let u = 9 + -2. Let d = u + 10.